at is 1022230112 (base 4) in base 6?
10320222
Convert 112202320 (base 4) to base 9.
150604
-143525566 (base 7) to base 3
-122212210100021
Convert -31134 (base 8) to base 15.
-3c47
Convert -411b3a (base 12) to base 15.
-1520b7
What is -2896519 (base 10) in base 4?
-23003022013
What is -120433 (base 10) in base 14?
-31c65
What is dd444 (base 14) in base 4?
2002311310
What is -14f619 (base 16) in base 2?
-101001111011000011001
What is 215a003 (base 12) in base 3?
102221012021010
Convert 10304a2 (base 12) to base 8.
13502672
What is -219135 (base 11) in base 5?
-42131011
-265170 (base 9) to base 11
-100174
Convert -5ab44 (base 14) to base 4.
-312020220
Convert -3b919 (base 13) to base 12.
-54569
-20630 (base 7) to base 8
-11775
Convert 65342 (base 9) to base 2.
1010100100011100
Convert -3252051 (base 8) to base 6.
-30420013
16726813 (base 9) to base 15
b0ec29
Convert 63437 (base 9) to base 4.
22032313
What is -20000020000001 (base 3) in base 6?
-152234301
-ac61c (base 16) to base 6
-23044512
What is -21402615 (base 7) in base 14?
-359db5
What is -123354546 (base 7) in base 13?
-18115bc
What is 141021111 (base 5) in base 9?
1316773
What is -1e33ac (base 15) in base 16?
-1691af
What is 1b5fa0 (base 16) in base 8?
6657640
Convert -5c11d3 (base 15) to base 11.
-2540a20
-87cac (base 13) to base 16
-3c115
What is 26663714 (base 8) in base 3?
102021100012202
What is 24401a (base 14) in base 11?
777957
Convert -15100354 (base 7) to base 14.
-29299b
Convert -10003213323 (base 4) to base 5.
-233012134
What is -101011000010101111 (base 2) in base 14?
-48371
What is 2111233332 (base 4) in base 12?
256b66
Convert 160da75 (base 15) to base 12.
5433332
What is 1000001011101101111111001 (base 2) in base 14?
23ca129
What is c8b79 (base 15) in base 4?
2123202201
What is 21793 (base 11) in base 15?
9542
Convert -11233657 (base 9) to base 5.
-2344024131
Convert -6b6d42 (base 14) to base 15.
-4c6eca
a95d53 (base 15) to base 6
444541353
What is -18a528 (base 12) in base 3?
-210222121212
What is -1213501042 (base 6) in base 5?
-12024132304
Convert -762078 (base 9) to base 3.
-212002002122
Convert 83731 (base 9) to base 14.
161dc
2240444 (base 7) to base 14
73824
What is 35261 (base 7) in base 16?
2363
530535 (base 10) to base 12
217033
Convert 159641 (base 10) to base 14.
4226d
Convert -170a39 (base 13) to base 8.
-2137036
100110011100010101111 (base 2) to base 7
13464403
-14523647 (base 9) to base 16
-6e2a68
Convert -145624 (base 8) to base 2.
-1100101110010100
Convert 35023224 (base 8) to base 3.
112022201202212
Convert -121867 (base 11) to base 7.
-1431552
323832 (base 9) to base 15
3c358
What is -4a12b5 (base 14) in base 13?
-6ab727
24442042 (base 5) to base 10
234022
1d0e4 (base 15) to base 10
94714
12255106 (base 7) to base 8
4160466
What is -1c7371 (base 16) in base 9?
-3451624
-6715356 (base 8) to base 15
-25b08e
What is -3122254 (base 7) in base 2?
-1011011101001010011
Convert -31114130 (base 5) to base 14.
-68958
cdc170 (base 14) to base 9
14127627
What is -a7494 (base 14) in base 10?
-404282
Convert 159b31c (base 13) to base 2.
11010100100011100011110
Convert 24010032 (base 5) to base 10.
219392
What is 20021001100 (base 3) in base 6?
2350313
Convert -143636 (base 9) to base 16.
-157bf
41552 (base 12) to base 4
110313032
32210 (base 9) to base 13
9915
403040 (base 10) to base 12
1752a8
What is -16a2367 (base 11) in base 12?
-b72b27
9f1d8 (base 16) to base 11
405728
What is 21403 (base 8) in base 12?
522b
What is e947 (base 16) in base 2?
1110100101000111
Convert 10001000101010000 (base 2) to base 7.
410663
-20143040 (base 5) to base 12
-79aa6
What is 3123233202 (base 5) in base 6?
350255101
Convert -10223133 (base 8) to base 6.
-114321523
What is 20518 (base 12) in base 15?
c792
What is 1779d36 (base 15) in base 7?
265203444
2173849 (base 12) to base 16
613bf9
-a02758 (base 12) to base 5
-1114232402
Convert 648a79 (base 11) to base 10.
1036814
Convert 2555551 (base 8) to base 6.
23130041
What is -1381820 (base 9) in base 10?
-762471
Convert 2434143014 (base 5) to base 15.
7901a9
45439 (base 12) to base 10
92205
Convert -23ab35 (base 14) to base 9.
-2260234
Convert 14324353 (base 6) to base 14.
cbbad
What is 301c0 (base 14) in base 4?
130032130
What is 7535782 (base 9) in base 11?
2309872
Convert 317509 (base 10) to base 6.
10445541
What is -6064070 (base 10) in base 5?
-3023022240
What is -175298a (base 11) in base 6?
-143441352
What is -1110010010111011011 (base 2) in base 6?
-14012415
420962 (base 12) to base 3
1221202002202
Convert 4241000 (base 5) to base 2.
10001011011001111
What is 31b396 (base 13) in base 6?
41003513
19531 (base 10) to base 8
46113
Convert -4557a2a (base 11) to base 5.
-4020202023
What is 1010001010001101110111 (base 2) in base 16?
28a377
What is 1fbfc (base 16) in base 15?
287e9
2331112 (base 6) to base 12
59a98
-21378553 (base 9) to base 15
-d8eb93
What is -632544 (base 13) in base 16?
-236190
What is 1c017 (base 14) in base 4?
101123011
What is -b97e4 (base 15) in base 3?
-1002221000021
4673d5 (base 14) to base 6
123251155
11012122202 (base 3) to base 8
241650
Convert 33345435 (base 6) to base 4.
3312131333
11000101000110011011 (base 2) to base 10
807323
What is 30a6288 (base 11) in base 4?
110313103221
10121510 (base 6) to base 10
290706
What is 31212004 (base 5) in base 13?
90062
Convert 100000001111111111011 (base 2) to base 9.
1880541
What is -17158a3 (base 11) in base 5?
-1221440140
-29aa09 (base 11) to base 15
-93bba
Convert -1113a2 (base 15) to base 11.
-5067a4
Convert -2002111220122 (base 3) to base 10.
-1112390
Convert 902d0 (base 14) to base 2.
1010100100011001110
What is 214047 (base 13) in base 16?
be6da
Convert -344404315 (base 6) to base 7.
-105130502
What is -1001010101000011110011 (base 2) in base 6?
-124230003
-103290 (base 10) to base 14
-298dc
What is 413025 (base 7) in base 8?
212025
What is 4047a (base 12) in base 16?
1469e
What is 1b802c (base 15) in base 11?
838265
3000110121 (base 4) to base 15
10860c
What is 221112020222 (base 3) in base 14?
d1189
4632685 (base 9) to base 10
2501762
What is -310313331 (base 4) in base 16?
-34dfd
Convert 134913a (base 11) to base 4.
20313232231
Convert -10101110011000100 (base 2) to base 14.
-24776
Convert -4233a (base 16) to base 6.
-5451214
What is -30313107 (base 9) in base 12?
-4a4b48a
3d88b (base 15) to base 9
331145
Convert 47b694 (base 12) to base 4.
10123110100
Convert -36b6210 (base 12) to base 6.
-1021041220
-232201 (base 4) to base 16
-ba1
Convert -dada6 (base 15) to base 11.
-435149
Convert 1b0eda (base 15) to base 7.
14134150
11a092 (base 11) to base 2
101110001010101111
Convert -546252 (base 8) to base 7.
-1362613
What is -3110133 (base 6) in base 9?
-246463
Convert -36014 (base 12) to base 11.
-4a5a3
What is 105511163 (base 7) in base 6?
350010235
-254212 (base 7) to base 9
-71541
Convert -3bcd6 (base 15) to base 5.
-22120101
142724 (base 9) to base 15
1ad2a
1001011010100 (base 2) to base 16
12d4
Convert -144125424 (base 6) to base 5.
-1231410332
What is -169825 (base 12) in base 3?
-201210221202
-22010200000220 (base 3) to base 7
-51515415
What is -353674 (base 9) in base 15?
-43047
316153 (base 8) to base 7
616545
What is -1222245 (base 7) in base 2?
-100110010011010010
Convert 142052555 (base 6) to base 12.
b7a15b
What is 342204113 (base 5) in base 14?
2b8b56
What is 21113221201 (base 4) in base 16?
257a61
-3625656 (base 7) to base 5
-104220031
What is 4005982 (base 10) in base 3?
21112112011201
What is -120533541 (base 7) in base 14?
-dd4bc8
-1645987 (base 10) to base 3
-10002121212111
What is 375205 (base 8) in base 11?
89471
62d0d (base 16) to base 8
1426415
-10011121121 (base 3) to base 2
-1111001111001101
-685416 (base 9) to base 8
-1442216
6327425 (base 8) to base 5
412330341
Convert 121212220211011 (base 3) to base 7.
136163566
Convert -a2a273 (base 14) to base 6.
-313304141
110111010010000 (base 2) to base 12
14468
Convert 11022200 (base 5) to base 16.
17444
What is 263500435 (base 7) in base 8?
100377440
1144305 (base 7) to base 5
14124314
What is 194dd9 (base 15) in base 8?
4545415
What is -305111531 (base 6) in base 2?
-10100001001011101001111
-3104234 (base 7) to base 10
-371249
What is 18919 (base 13) in base 11?
32906
What is -5aa72 (base 